nvert 10100 (base 2) to base 7.
26
What is 3 (base 14) in base 6?
3
Convert 11211 (base 4) to base 2.
101100101
What is -226 (base 9) in base 16?
-ba
Convert 99 (base 15) to base 5.
1034
6 (base 14) to base 2
110
-2 (base 7) to base 12
-2
1130 (base 7) to base 12
2a5
What is 39 (base 15) in base 8?
66
Convert -2 (base 7) to base 12.
-2
-8 (base 15) to base 13
-8
13 (base 15) to base 14
14
-8 (base 13) to base 14
-8
Convert 8 (base 16) to base 14.
8
-6 (base 7) to base 12
-6
Convert 0 (base 8) to base 11.
0
Convert -100 (base 2) to base 12.
-4
Convert -5 (base 8) to base 6.
-5
Convert -5c (base 15) to base 6.
-223
Convert 326 (base 9) to base 14.
151
What is 436 (base 7) in base 3?
22021
Convert 70 (base 13) to base 6.
231
Convert -11d (base 15) to base 13.
-166
What is 123 (base 6) in base 14?
39
Convert 13 (base 16) to base 11.
18
-3 (base 12) to base 16
-3
Convert 6 (base 9) to base 12.
6
What is 3 (base 10) in base 8?
3
What is 5 (base 9) in base 6?
5
Convert 110101 (base 2) to base 16.
35
-12 (base 12) to base 8
-16
What is -2 (base 6) in base 12?
-2
14 (base 9) to base 11
12
Convert -6b (base 12) to base 4.
-1103
What is 110110 (base 2) in base 12?
46
Convert 7 (base 16) to base 3.
21
-2 (base 11) to base 16
-2
What is 16 (base 15) in base 7?
30
What is -124 (base 7) in base 2?
-1000011
Convert -5 (base 12) to base 2.
-101
Convert -22 (base 4) to base 5.
-20
-12 (base 8) to base 14
-a
7 (base 12) to base 9
7
-11e (base 16) to base 4
-10132
What is 101 (base 4) in base 2?
10001
What is -6 (base 7) in base 9?
-6
Convert 57 (base 8) to base 4.
233
-7 (base 15) to base 7
-10
-2 (base 10) to base 14
-2
What is -9 (base 10) in base 5?
-14
What is 30 (base 5) in base 7?
21
Convert -2 (base 10) to base 6.
-2
What is 131 (base 4) in base 5?
104
Convert -6 (base 9) to base 5.
-11
Convert 2 (base 6) to base 8.
2
Convert -7a (base 14) to base 4.
-1230
Convert -2 (base 3) to base 7.
-2
What is -16 (base 10) in base 2?
-10000
What is 0 (base 14) in base 6?
0
-3 (base 14) to base 16
-3
3 (base 6) to base 10
3
What is 92 (base 14) in base 16?
80
What is -13 (base 7) in base 16?
-a
Convert -44 (base 12) to base 13.
-40
Convert 79 (base 13) to base 12.
84
What is -201 (base 4) in base 13?
-27
1 (base 15) to base 8
1
Convert 202 (base 3) to base 2.
10100
What is -28 (base 10) in base 11?
-26
-4 (base 11) to base 6
-4
What is 1 (base 7) in base 9?
1
Convert 111110 (base 2) to base 8.
76
What is -4 (base 14) in base 8?
-4
What is 1 (base 9) in base 14?
1
-3 (base 5) to base 16
-3
Convert -3 (base 4) to base 16.
-3
-4 (base 8) to base 11
-4
Convert -1221 (base 5) to base 13.
-114
What is 93 (base 15) in base 2?
10001010
-3 (base 16) to base 12
-3
-4 (base 9) to base 2
-100
-21 (base 10) to base 9
-23
-52 (base 8) to base 16
-2a
Convert 8 (base 13) to base 4.
20
-5 (base 8) to base 9
-5
Convert -1f (base 16) to base 9.
-34
What is 2 (base 12) in base 2?
10
-20 (base 6) to base 5
-22
4 (base 12) to base 14
4
-107 (base 9) to base 7
-154
-100 (base 2) to base 3
-11
28 (base 16) to base 12
34
-15 (base 7) to base 10
-12
What is -d3 (base 14) in base 3?
-20212
Convert -4 (base 8) to base 14.
-4
b (base 16) to base 10
11
Convert 4 (base 8) to base 9.
4
What is -2 (base 10) in base 4?
-2
-70 (base 8) to base 6
-132
-110 (base 2) to base 15
-6
What is 31 (base 10) in base 11?
29
4 (base 11) to base 15
4
Convert -12 (base 4) to base 12.
-6
Convert 3 (base 14) to base 4.
3
-c2 (base 14) to base 7
-332
Convert -75 (base 8) to base 3.
-2021
Convert 144 (base 5) to base 4.
301
What is -4 (base 9) in base 5?
-4
13 (base 6) to base 8
11
What is -15 (base 8) in base 11?
-12
Convert -210 (base 3) to base 8.
-25
What is -1003 (base 6) in base 14?
-119
Convert 0 (base 12) to base 2.
0
What is -250 (base 6) in base 13?
-7b
Convert 36 (base 12) to base 7.
60
What is -4 (base 10) in base 3?
-11
-7c (base 14) to base 5
-420
8 (base 15) to base 2
1000
Convert -7 (base 9) to base 2.
-111
-34 (base 11) to base 5
-122
What is -11 (base 8) in base 14?
-9
16 (base 16) to base 11
20
What is 230 (base 6) in base 3?
10100
8 (base 15) to base 16
8
Convert -10 (base 6) to base 14.
-6
What is -2 (base 3) in base 10?
-2
Convert 7 (base 8) to base 9.
7
-110 (base 4) to base 10
-20
What is 8 (base 14) in base 2?
1000
What is -35 (base 9) in base 4?
-200
Convert 22 (base 9) to base 12.
18
What is -11011 (base 3) in base 2?
-1110000
Convert 29 (base 12) to base 14.
25
3 (base 9) to base 8
3
What is 3 (base 5) in base 2?
11
7 (base 14) to base 11
7
Convert 1 (base 3) to base 8.
1
What is 1110 (base 6) in base 13?
16b
2232 (base 4) to base 14
c6
Convert 8a (base 11) to base 13.
77
What is -1 (base 16) in base 10?
-1
-141 (base 5) to base 8
-56
164 (base 7) to base 11
87
22011 (base 3) to base 4
3130
77 (base 11) to base 12
70
Convert -1a3 (base 14) to base 12.
-243
What is -14 (base 8) in base 7?
-15
What is -11 (base 5) in base 11?
-6
Convert 9 (base 12) to base 10.
9
What is 273 (base 8) in base 12?
137
-104 (base 10) to base 14
-76
What is 4 (base 14) in base 9?
4
Convert 1100 (base 2) to base 4.
30
What is 1100011 (base 2) in base 10?
99
3 (base 4) to base 8
3
Convert 1 (base 2) to base 8.
1
-2 (base 16) to base 8
-2
Convert 24 (base 6) to base 3.
121
71 (base 16) to base 14
81
Convert 4 (base 12) to base 4.
10
What is 7 (base 11) in base 10?
7
-23 (base 4) to base 7
-14
-7 (base 8) to base 16
-7
Convert 15 (base 8) to base 11.
12
What is -7 (base 15) in base 3?
-21
95 (base 16) to base 4
2111
Convert 3 (base 7) to base 12.
3
What is -22 (base 3) in base 10?
-8
Convert 12 (base 6) to base 2.
1000
What is 19 (base 16) in base 10?
25
Convert -20 (base 11) to base 2.
-10110
-112 (base 3) to base 16
-e
What is -21 (base 8) in base 7?
-23
Convert 4 (base 16) to base 11.
4
-6 (base 9) to base 8
-6
What is -100 (base 2) in base 4?
-10
What is 15 (base 12) in base 13?
14
Convert 10 (base 5) to base 14.
5
What is -16 (base 7) in base 12?
-11
What is -2 (base 14) in base 13?
-2
What is 5 (base 14) in base 16?
5
What is 1b (base 12) in base 15?
18
What is 303 (base 5) in base 7?
141
-150 (base 9) to base 12
-a6
Convert -3b (base 14) to base 9.
-58
Convert 7 (base 9) to base 16.
7
Convert -12 (base 7) to base 14.
-9
What is 121 (base 5) in base 11?
33
What is 2 (base 11) in base 5?
2
What is 4 (base 9) in base 13?
4
47 (base 8) to base 14
2b
Convert -24 (base 8) to base 5.
-40
What is -1 (base 8) in base 5?
-1
-b (base 13) to base 11
-10
-38 (base 13) to base 2
-101111
What is 245 (base 6) in base 12?
85
What is 10a (base 12) in base 7?
310
Convert -10 (base 9) to base 3.
-100
-1011 (base 2) to base 10
-11
Convert 0 (base 12) to base 9.
0
Convert 1b (base 15) to base 4.
122
101001 (base 2) to base 15
2b
What is -7 (base 10) in base 11?
-7
What is 0 (base 10) in base 16?
0
What is -14 (base 13) in base 4?
-101
24 (base 16) to base 9
40
What is -6 (base 12) in base 2?
-110
Convert 3 (base 4) to base 16.
3
What is 0 (base 13) in base 12?
0
-e (base 16) to base 7
-20
What is 4 (base 14) in base 12?
4
What is -2 (base 9) in base 2?
-10
What is 215 (base 7) in base 9?
132
12 (base 7) to base 4
21
-1 (base 16) to base 11
-1
Convert 166 (base 7) to base 5.
342
Convert 1 (base 14) to base 2.
1
What is -12 (base 11) in base 10?
-13
What is -6 (base 11) in base 9?
-6
What is -2 (base 6) in base 2?
-10
What is 21 (base 3) in base 2?
111
Convert -134 (base 7) to base 4.
-1022
-1012 (base 5) to base 6
-340
48 (base 11) to base 13
40
7 (base 10) to base 14
7
What is -17 (base 10) in base 7?
-23
Convert -c (base 16) to base 4.
-30
What is 103 (base 5) in base 16?
1c
What is 135 (base 13) in base 6?
553
Convert -15 (base 13) to base 5.
-33
What is 2 (base 5) in base 11?
2
-14 (base 8) to base 9
-13
What is -5c (base 13) in base 8?
-115
2 (base 15) to base 14
2
310 (base 4) to base 6
124
What is 143 (base 5) in base 2?
110000
4 (base 13) to base 16
4
2 (base 6) to base 11
2
Convert -2 (base 8) to base 6.
-2
What is 4 (base 8) in base 11?
4
What is 44 (base 12) in base 8?
64
7b (base 14) to base 5
414
111000 (base 2) to base 7
110
1 (base 5) to base 2
1
Convert 1 (base 8) to base 3.
1
Convert -31 (base 8) to base 5.
-100
-3 (base 6) to base 2
-11
What is 311 (base 7) in base 14?
b1
What is 1 (base 6) in base 9?
1
8 (base 1